rs of p?
2, 3, 29
Suppose -2*f + 116 = 2*y - 26, -4*y = 2*f - 292. Suppose 0 = k - 5*m - y, 3*m = 4*k - 2*m - 375. List the prime factors of k.
2, 5
Suppose 0 = 5*b - 4*w + 3*w + 47, -5*w + 15 = -3*b. Let i = -6 - b. Suppose 264 = 8*a - i*a. List the prime factors of a.
2, 3, 11
Let r = -16 + 18. Let w be 0 + (0 - 2) + r. Suppose 5*g - 3*n = 31, -5*g + 4*n = -w*n - 33. List the prime factors of g.
5
Suppose -4*z = -6 - 10. Suppose 2*k = 3*v + 47, z*v - v = 3*k - 72. List the prime factors of k.
5
Suppose 12 = 4*o - o. Suppose a = o*d - 256, -4*d - 3*a + 356 = 84. What are the prime factors of d?
5, 13
Let g = 649 - 372. List the prime factors of g.
277
Let q = -33 + 47. List the prime factors of 951/21 + (-4)/q.
3, 5
List the prime factors of 380 - 21/6*18/21.
13, 29
Let x = -26 - -28. What are the prime factors of (x + -3)*(-35 - 2)?
37
Let b = 10 + 14. Suppose 11*g - 13*g = b. What are the prime factors of (-97)/(-4) - g/16?
5
Let a be (0/3)/(-2 - -3). Suppose a = 5*u - 821 - 174. Suppose -u = -5*z - 59. List the prime factors of z.
2, 7
Suppose -3*r - 56 = -f - 2*r, -4*f - 5*r = -188. Suppose -f*i + 327 = -49*i. What are the prime factors of i?
109
Let t(c) = -7*c - 4 + 0 - 1 - 1. Let o be t(7). Let y = o + 86. List the prime factors of y.
31
Let k = 6 + -1. Suppose k*h + 3*z = -9, 3*z = -2*h - z + 2. Let t(q) = -2*q**3 - 2*q**2 - 3. List the prime factors of t(h).
3, 11
Suppose 0 = -4*p - 0*p + 136. Suppose -r = -3*x + 52, 0*x - x = 3*r - p. List the prime factors of x.
19
Let u be ((-20)/15)/(2/(-6)). Let s(m) = 38*m - 8. List the prime factors of s(u).
2, 3
Let i(r) = -35*r**2 - r. Let g be i(-1). Let y = g - -52. Suppose 2*f + 3*o = 48, -f - 4*o + y = -o. List the prime factors of f.
2, 3, 5
Let l = 5 + 2. Suppose 0 = 3*o - 7*o + 8. Suppose -q + 4*y = -l, 2*q - o*y - 3*y = 20. What are the prime factors of q?
3, 5
Suppose 7130 = 28*l - 23*l. What are the prime factors of l?
2, 23, 31
Let u = 16 - 12. Suppose 0 = u*d + 8, 0 = -r - 5*d + 1 + 20. List the prime factors of r.
31
Suppose 2432 = 3*a - 2*p, 3*a - p = -2*a + 4051. List the prime factors of a.
2, 3, 5
Suppose 1155 = -0*p + 11*p. Let h = p + -49. What are the prime factors of h?
2, 7
Let r(l) = l**3 - 13*l**2 + l - 11. Let o be r(13). Suppose -5*x + 23 = 5*u - o, -3*u + 11 = x. What are the prime factors of (-9)/2*(x - 6)?
2, 3
What are the prime factors of (-2)/5*-1 + (-147039)/(-115)?
1279
Let h(a) = -4*a**3 + 9*a**3 - 24*a**2 - 22 + 25*a - 4*a**3 + 2*a. List the prime factors of h(23).
2, 5, 7
Let k(m) = -41*m - 6. List the prime factors of k(-2).
2, 19
Let r = -36 + 112. Suppose -3*k + r + 11 = 0. List the prime factors of k.
29
Let r(p) = p**3 + 53*p**2 + 141*p + 44. List the prime factors of r(-50).
2, 13, 19
Let n = 599 - -221. List the prime factors of n.
2, 5, 41
Suppose -461 + 45 = 4*i. Let w = i + 248. What are the prime factors of w?
2, 3
Let m = -24 - -21. Let q = 87 - m. List the prime factors of q.
2, 3, 5
Suppose 8 = -0*a + 2*a. Suppose a = 4*g - 8. Suppose -4*q + 10 = -g*q. List the prime factors of q.
2, 5
Let z(s) = -s**3 + 27*s**2 - 35*s + 49. What are the prime factors of z(24)?
937
Let i = 30 + -2. Suppose -g = -i - 195. List the prime factors of g.
223
Let i(d) = 24*d**2 + 31*d - 22. What are the prime factors of i(5)?
733
Let f(a) = -8*a + 8. Let c be f(1). Suppose -2*z = c, -3*z = 3*q - 709 + 205. List the prime factors of q.
2, 3, 7
What are the prime factors of 16/80 - 14994/(-30)?
2, 5
Suppose -2*q = q + 60. Let j be (-2 + 1)*1*-40. Let x = j + q. What are the prime factors of x?
2, 5
Let n = 4610 + -2849. What are the prime factors of n?
3, 587
Let c = -788 + 3132. List the prime factors of c.
2, 293
Suppose 0 = -5*j - x + 430, -2*x + 82 + 13 = j. Suppose -3*q + 14 = -j. List the prime factors of q.
3, 11
Let p(l) = 5*l + 440. Let f be p(0). Suppose 3*n - x + 51 = 726, -4*x = -2*n + f. What are the prime factors of n?
2, 113
Let c(o) = 2*o**2 - 17*o + 159. What are the prime factors of c(8)?
151
Let a = -1 - -5. Suppose -8*x + a*x - 4*g = 8, -5*x - 8 = 4*g. Suppose 4*j - 3*j - 30 = x. What are the prime factors of j?
2, 3, 5
Let w be 1/5 - (-1929)/5. Let c = w - 194. Suppose 4*i + x = -x + 188, x - c = -4*i. List the prime factors of i.
7
Let b = 84 - 81. Suppose -n + b*d + 137 = 0, 3*n = -n + 2*d + 598. List the prime factors of n.
2, 19
Suppose q - 3*t - 3 = 6, 0 = 5*q - 5*t - 25. Suppose q*f = -0*f + 9, -f = 3*h - 765. What are the prime factors of h?
2, 127
Let j(o) = 40*o**2 + 28*o - 67. What are the prime factors of j(7)?
2089
Suppose m - 37 = -4*c, 4*c - 3*m - 28 = -7*m. Let p = c + -8. Let i(t) = 6*t**2 - 4*t + 2. What are the prime factors of i(p)?
2, 3
Let h = 5 - 3. Suppose -o = m + h, -m - o = m. List the prime factors of (23/m)/(2/4).
23
Suppose -13*o - 4137 = -20*o. List the prime factors of o.
3, 197
Let q(w) = 2*w**3 - 3*w + 10. Let k be q(4). Suppose -3*t = -6*t + k. What are the prime factors of t?
2, 3, 7
Suppose 2*k + 2*k + 72 = 0. List the prime factors of 368/6*k/(-12).
2, 23
Suppose -4*h + 6*g = 4*g - 3254, 0 = -4*g + 4. List the prime factors of h.
2, 11, 37
Let j = -45 - -534. List the prime factors of j.
3, 163
Let d(w) = 11*w**2 + 5*w - 3. Let s be d(-4). Let j(p) = p**3 - 19*p**2 + 19*p - 11. Let u be j(18). Suppose 4*i + s = u*i. What are the prime factors of i?
3, 17
Let c(w) = w**3 + 9*w**2 + 4*w - 4. Let q be c(-10). Let r = q + 254. Let x = r + -74. List the prime factors of x.
2, 3
Let p(g) = 4*g**2 + 3*g + 62. What are the prime factors of p(6)?
2, 7
Suppose -2*y + 0*n = -2*n - 98, 2*n = -6. List the prime factors of y.
2, 23
Suppose -17*y + 4404 = -8278. What are the prime factors of y?
2, 373
Let r(k) = 2*k**2 + 19*k + 1. Let s = -28 + 10. What are the prime factors of r(s)?
307
Let d = -1178 + 3113. List the prime factors of d.
3, 5, 43
Let x(t) = t**2 - 8*t - 1. Let d be (8/2)/(6/9). Let s be x(d). Let p = -3 - s. List the prime factors of p.
2, 5
Suppose 5*t - 8 - 2 = 0. Suppose t*h - 9 = -4*v + 15, -2*v + 14 = 2*h. Suppose h*m + 3*d - 31 = 0, -m + d + 5 = -13. What are the prime factors of m?
17
List the prime factors of 2/(-17) + (56826/102 - 3).
2, 277
Let x(a) = 63*a**3 + 6*a**2 + 3*a + 4. Let z(s) = -s**2 - s - 1. Let i(v) = x(v) + 4*z(v). List the prime factors of i(1).
2
Let v(m) be the third derivative of 5*m**4/6 + m**3/3 + 8*m**2. What are the prime factors of v(5)?
2, 3, 17
Let l be (6/9)/((-2)/(-15)). Suppose 4*i + l = 3*p - 3, 4*i = 16. Suppose 0 = -p*u + 3*u + 35. What are the prime factors of u?
7
List the prime factors of 331 + -42 - 1/1.
2, 3
Suppose 1127 - 272 = -5*p. Suppose -5*z = 2*j + 10 + 4, 3*j + z + 8 = 0. What are the prime factors of j/(-8) - p/4?
43
Let s be (111/4)/(2/(-8)). Let x be s*(4 - 26/6). Suppose 3*u = x + 68. List the prime factors of u.
5, 7
Let r = -303 + 749. What are the prime factors of r?
2, 223
Let m(a) = 6*a + 6. Let g be m(-8). Suppose -4*q + 7 + 5 = 0. List the prime factors of 2*g/(-4) - q.
2, 3
List the prime factors of (1 - (5 - 1))/((-168)/21728).
2, 97
Let z be (-1 - 0) + (42 - 36). Suppose z*n = 2*l + 1542, -3*n - 6*l = -l - 919. List the prime factors of n.
2, 7, 11
Suppose -22*i + 26*i - 2424 = -4*a, -1219 = -2*a + 5*i. List the prime factors of a.
607
Let c be (-2)/(-13) + (-228)/(-39). Let m = -3 + c. Suppose 0 = 5*p + 3*y - 69 + 4, 15 = 3*p - m*y. What are the prime factors of p?
2, 5
Suppose 6*j = 15*j - 1575. Let y = j - -7. What are the prime factors of y?
2, 7, 13
Let h(a) = -a**2 - 25*a - 18. Let y be h(-21). What are the prime factors of 98/12 - 11/y?
2
Let g be 126/12 + (-2)/4. Let s = 1 + g. List the prime factors of s.
11
Let r(k) = -2*k + 0*k**2 + 3*k**3 + 1 + 0 + k**2. What are the prime factors of r(1)?
3
Suppose 5*d - m = 137, 0*m - 115 = -4*d - m. Suppose d = q - 0*q. What are the prime factors of q?
2, 7
Let m(t) = -191*t + 232. List the prime factors of m(-6).
2, 13, 53
Let y(o) = 30*o**3 + 2*o - 2. Let k(d) = -d**3 + 5*d**2 - 5*d + 5. Suppose 2*z - 5 = 3. Let q be k(z). What are the prime factors of y(q)?
2, 3, 5
Suppose 13*v + 1801 = 4258. What are the prime factors of v?
3, 7
Suppose 2*j + 4*y = 594, -2*j - 4*y + 606 = -3*y. List the prime factors of j.
5, 61
Suppose -2*b + 2138 = 4*o, 2144 = 2*b + 25*o - 23*o. List the prime fac